{"id":1067,"date":"2014-09-01T11:34:19","date_gmt":"2014-09-01T09:34:19","guid":{"rendered":"http:\/\/www.narvalib.ee\/lastekas\/?page_id=1067"},"modified":"2026-01-16T09:36:38","modified_gmt":"2026-01-16T07:36:38","slug":"lastekirjanduse-laenutuspunkt-laste-loomemajas","status":"publish","type":"page","link":"https:\/\/nkr.narvalib.ee\/lastekas\/et\/lasteosakonna-struktuur\/lastekirjanduse-laenutuspunkt-laste-loomemajas","title":{"rendered":"M\u00e4ngualad"},"content":{"rendered":"<div style=\"text-align: left;\" align=\"center\">\n<p data-start=\"121\" data-end=\"376\"><span style=\"font-family: verdana, geneva, sans-serif;\">Narva Keskraamatukogu lasteosakonna kolmandal korrusel ootavad lapsi kaks vahvat m\u00e4nguala, kus m\u00e4ng ja \u00f5ppimine k\u00e4ivad k\u00e4sik\u00e4es. Need on kohad, kus saab r\u00f5\u00f5msalt ja kasulikult aega veeta, lastes fantaasial lennata ning arendades loovust ja m\u00f5tlemisoskust.<\/span><\/p>\n<p data-start=\"378\" data-end=\"576\"><span style=\"font-family: verdana, geneva, sans-serif;\">M\u00e4ngumaja on hubane rollim\u00e4ngude maailm, kus lapsed saavad m\u00e4ngida nukkudega, proovida erinevaid rolle ja luua oma lugusid. Siin s\u00fcnnivad v\u00e4iksed seiklused ning fantaasia muutub m\u00e4ngu kaudu elavaks.<\/span><\/p>\n<p data-start=\"578\" data-end=\"786\"><span style=\"font-family: verdana, geneva, sans-serif;\">M\u00e4ngutuba pakub v\u00f5imalusi nii aktiivseks tegutsemiseks kui ka rahulikuks m\u00e4nguks. Kiiged, m\u00e4ngumoodulid ja pehme m\u00f6\u00f6bel kutsuvad nii tegutsema kui ka puhkama, ehitus- ja lauam\u00e4ngud aga koos m\u00e4ngima, katsetama ja looma.<\/span><\/p>\n<p data-start=\"788\" data-end=\"1082\"><span style=\"font-family: verdana, geneva, sans-serif;\">M\u00f5lemad m\u00e4ngualad pakuvad turvalist ja m\u00f5nusat keskkonda, kus laps saab avastada uusi asju, leida s\u00f5pru ja kogeda m\u00e4ngur\u00f5\u00f5mu. L\u00e4bi m\u00e4ngu arenevad t\u00e4helepanu, kujutlusv\u00f5ime, loogiline m\u00f5tlemine ja suhtlemisoskus ning raamatud ja arendavad materjalid aitavad maailma tundma \u00f5ppida m\u00e4ngulises vormis.<\/span><\/p>\n<p data-start=\"1084\" data-end=\"1211\" data-is-last-node=\"\" data-is-only-node=\"\"><span style=\"font-family: verdana, geneva, sans-serif;\">Lasteosakonna m\u00e4ngualad pakuvad rohkelt r\u00f5\u00f5mu, loovust ja avastamishetki ning on paigad, kuhu lapsed tahavad \u00fcha uuesti tagasi tulla.<\/span><\/p>\n<\/div>\n","protected":false},"excerpt":{"rendered":"<p>Narva Keskraamatukogu lasteosakonna kolmandal korrusel ootavad lapsi kaks vahvat m\u00e4nguala, kus m\u00e4ng ja \u00f5ppimine k\u00e4ivad k\u00e4sik\u00e4es. Need on kohad, kus saab r\u00f5\u00f5msalt ja kasulikult aega veeta, lastes fantaasial lennata ning arendades loovust ja m\u00f5tlemisoskust. M\u00e4ngumaja on hubane rollim\u00e4ngude maailm, kus&#8230;<br \/><a class=\"read-more-button\" href=\"https:\/\/nkr.narvalib.ee\/lastekas\/et\/lasteosakonna-struktuur\/lastekirjanduse-laenutuspunkt-laste-loomemajas\">\u0414\u0410\u041b\u0415\u0415<\/a><\/p>\n","protected":false},"author":3,"featured_media":0,"parent":354,"menu_order":0,"comment_status":"open","ping_status":"open","template":"","meta":[],"_links":{"self":[{"href":"https:\/\/nkr.narvalib.ee\/lastekas\/wp-json\/wp\/v2\/pages\/1067"}],"collection":[{"href":"https:\/\/nkr.narvalib.ee\/lastekas\/wp-json\/wp\/v2\/pages"}],"about":[{"href":"https:\/\/nkr.narvalib.ee\/lastekas\/wp-json\/wp\/v2\/types\/page"}],"author":[{"embeddable":true,"href":"https:\/\/nkr.narvalib.ee\/lastekas\/wp-json\/wp\/v2\/users\/3"}],"replies":[{"embeddable":true,"href":"https:\/\/nkr.narvalib.ee\/lastekas\/wp-json\/wp\/v2\/comments?post=1067"}],"version-history":[{"count":0,"href":"https:\/\/nkr.narvalib.ee\/lastekas\/wp-json\/wp\/v2\/pages\/1067\/revisions"}],"up":[{"embeddable":true,"href":"https:\/\/nkr.narvalib.ee\/lastekas\/wp-json\/wp\/v2\/pages\/354"}],"wp:attachment":[{"href":"https:\/\/nkr.narvalib.ee\/lastekas\/wp-json\/wp\/v2\/media?parent=1067"}],"curies":[{"name":"wp","href":"https:\/\/api.w.org\/{rel}","templated":true}]}}